{"id":1033,"date":"2023-09-07T16:33:00","date_gmt":"2023-09-07T16:33:00","guid":{"rendered":"https:\/\/izn-nord.net\/?page_id=1033"},"modified":"2025-12-23T14:12:46","modified_gmt":"2025-12-23T14:12:46","slug":"zeig-was-in-dir-steckt","status":"publish","type":"page","link":"https:\/\/izn-nord.net\/?page_id=1033","title":{"rendered":"Zeig, was in Dir steckt"},"content":{"rendered":"\n<p><strong>Weiterbildung im Zahntechnikerhandwerk<\/strong><\/p>\n<p>Sie m\u00f6chten sich auf die Gesellenpr\u00fcfung vorbereiten und brauchen einen kompetenten Partner, der Sie bei der Intensivierung Ihres Fachwissens und Optimierung der fachpraktischen Fertigkeiten erfolgreich unterst\u00fctzt? Dann empfehlen wir unsere <strong>Gesellenvorbereitungskurse<\/strong> zu Themenbereichen wie z. B. \u201eTiF\u00ae-Totalprothetik in Funktion\u201c, \u201eDer Modellguss\u201c und \u201eDie Br\u00fccke\u201c.<\/p>\n<p>F\u00fcr Gesellen\/innen oder Meister\/innen, die Ihre fachtheoretischen und -praktischen Kenntnisse in ganz bestimmten Arbeitsfeldern vertiefen wollen, bieten wir unsere <strong>Praxisseminare<\/strong> wie z. B. \u201eBasiswissen Digitale Zahntechnik am Beispiel von exocad und 3Shape\u201c, \u201eLaser Intensiv-Kurs\u201c und \u201eMit Composite auf dem Weg zur \u00c4sthetik\u201c an.<\/p>\n<p>Sie wollen eine F\u00fchrungsposition in einem Dentallabor \u00fcbernehmen oder sich vielleicht sp\u00e4ter einmal selbst\u00e4ndig machen? Dann ist der <strong>Meisterbrief<\/strong> genau der richtige Schritt f\u00fcr Sie. Die Investition in den Erwerb des Meisterbriefs lohnt sich auf jeden Fall. Er ist ein Ausweis f\u00fcr Qualit\u00e4t, der nach wie vor ein hohes Ansehen besitzt, und Ihnen diverse Wettbewerbsvorteile verschafft.<\/p>\n<p>Dar\u00fcber hinaus erwerben Sie damit die Berechtigung, in einem zulassungspflichti\u00adgen Handwerk einen Betrieb selbst\u00e4ndig zu f\u00fchren, als Ausbilder\/in f\u00fcr einen qualifizierten Berufsnachwuchs zu sorgen und sich als Pr\u00fcfer\/in f\u00fcr Nachwuchskr\u00e4fte zur Verf\u00fcgung zu stellen.<\/p>\n<p>Ganz nebenbei erwerben Sie mit dem Meistertitel auch die allgemeine Studienberechtigung f\u00fcr alle nieders\u00e4chsischen und bremer Hochschulen.<\/p>\n<p>Hier geht es zum detaillierten <a href=\"https:\/\/izn-nord.net\/?p=2341\"><strong>Kursprogramm 2026<\/strong><\/a><\/p>\n","protected":false},"excerpt":{"rendered":"<p>Weiterbildung im Zahntechnikerhandwerk Sie m\u00f6chten sich auf die Gesellenpr\u00fcfung vorbereiten und brauchen einen kompetenten Partner, der Sie bei der Intensivierung Ihres Fachwissens und Optimierung der fachpraktischen Fertigkeiten erfolgreich unterst\u00fctzt? Dann empfehlen wir unsere Gesellenvorbereitungskurse zu Themenbereichen wie z. B. \u201eTiF\u00ae-Totalprothetik in Funktion\u201c, \u201eDer Modellguss\u201c und \u201eDie Br\u00fccke\u201c. F\u00fcr Gesellen\/innen oder Meister\/innen, die Ihre fachtheoretischen und -praktischen Kenntnisse in ganz bestimmten<\/p>\n<div class=\"read-more\"><a class=\"more-link\" href=\"https:\/\/izn-nord.net\/?page_id=1033\">Read More &#8230;<\/a><\/div>\n","protected":false},"author":6,"featured_media":0,"parent":0,"menu_order":0,"comment_status":"closed","ping_status":"closed","template":"","meta":{"ngg_post_thumbnail":0,"footnotes":"","_glsr_average":0,"_glsr_ranking":0,"_glsr_reviews":0},"yoast_head":"<!-- This site is optimized with the Yoast SEO plugin v23.1 - https:\/\/yoast.com\/wordpress\/plugins\/seo\/ -->\n<title>IZN Nord \u2013 Aus- und Weiterbildung im Zahntechnikerhandwerk<\/title>\n<meta name=\"description\" content=\"IZN Nord - Weiterbildung im Zahntechnikerhandwerk \u2013 Meistervorbereitungslehrg\u00e4nge, Gesellenvorbereitungskurse, Fachpraxisseminare, \u00dcLU\" \/>\n<meta name=\"robots\" content=\"index, follow, max-snippet:-1, max-image-preview:large, max-video-preview:-1\" \/>\n<link rel=\"canonical\" href=\"https:\/\/izn-nord.net\/?page_id=1033\" \/>\n<meta property=\"og:locale\" content=\"de_DE\" \/>\n<meta property=\"og:type\" content=\"article\" \/>\n<meta property=\"og:title\" content=\"IZN Nord \u2013 Aus- und Weiterbildung im Zahntechnikerhandwerk\" \/>\n<meta property=\"og:description\" content=\"IZN Nord - Weiterbildung im Zahntechnikerhandwerk \u2013 Meistervorbereitungslehrg\u00e4nge, Gesellenvorbereitungskurse, Fachpraxisseminare, \u00dcLU\" \/>\n<meta property=\"og:url\" content=\"https:\/\/izn-nord.net\/?page_id=1033\" \/>\n<meta property=\"og:site_name\" content=\"IZN-Nord\" \/>\n<meta property=\"article:modified_time\" content=\"2025-12-23T14:12:46+00:00\" \/>\n<meta property=\"og:image\" content=\"https:\/\/izn-nord.net\/wp-content\/uploads\/2023\/11\/IZN_Logo_Website_1200x675Px_11_23.jpg\" \/>\n\t<meta property=\"og:image:width\" content=\"14172\" \/>\n\t<meta property=\"og:image:height\" content=\"7972\" \/>\n\t<meta property=\"og:image:type\" content=\"image\/jpeg\" \/>\n<meta name=\"twitter:card\" content=\"summary_large_image\" \/>\n<meta name=\"twitter:label1\" content=\"Gesch\u00e4tzte Lesezeit\" \/>\n\t<meta name=\"twitter:data1\" content=\"2 Minuten\" \/>\n<script type=\"application\/ld+json\" class=\"yoast-schema-graph\">{\"@context\":\"https:\/\/schema.org\",\"@graph\":[{\"@type\":\"WebPage\",\"@id\":\"https:\/\/izn-nord.net\/?page_id=1033\",\"url\":\"https:\/\/izn-nord.net\/?page_id=1033\",\"name\":\"IZN Nord \u2013 Aus- und Weiterbildung im Zahntechnikerhandwerk\",\"isPartOf\":{\"@id\":\"https:\/\/izn-nord.net\/#website\"},\"datePublished\":\"2023-09-07T16:33:00+00:00\",\"dateModified\":\"2025-12-23T14:12:46+00:00\",\"description\":\"IZN Nord - Weiterbildung im Zahntechnikerhandwerk \u2013 Meistervorbereitungslehrg\u00e4nge, Gesellenvorbereitungskurse, Fachpraxisseminare, \u00dcLU\",\"inLanguage\":\"de-DE\",\"potentialAction\":[{\"@type\":\"ReadAction\",\"target\":[\"https:\/\/izn-nord.net\/?page_id=1033\"]}]},{\"@type\":\"WebSite\",\"@id\":\"https:\/\/izn-nord.net\/#website\",\"url\":\"https:\/\/izn-nord.net\/\",\"name\":\"IZN-Nord\",\"description\":\"Mit Biss f\u00fcr Ihre Z\u00e4hne\",\"publisher\":{\"@id\":\"https:\/\/izn-nord.net\/#organization\"},\"alternateName\":\"Institut des Zahntechnikerhandwerks in Niedersachsen und Bremen e.V.\",\"potentialAction\":[{\"@type\":\"SearchAction\",\"target\":{\"@type\":\"EntryPoint\",\"urlTemplate\":\"https:\/\/izn-nord.net\/?s={search_term_string}\"},\"query-input\":\"required name=search_term_string\"}],\"inLanguage\":\"de-DE\"},{\"@type\":\"Organization\",\"@id\":\"https:\/\/izn-nord.net\/#organization\",\"name\":\"IZN Nord\",\"alternateName\":\"Institut des Zahntechnikerhandwerks in Niedersachsen und Bremen e.V.\",\"url\":\"https:\/\/izn-nord.net\/\",\"logo\":{\"@type\":\"ImageObject\",\"inLanguage\":\"de-DE\",\"@id\":\"https:\/\/izn-nord.net\/#\/schema\/logo\/image\/\",\"url\":\"https:\/\/izn-nord.net\/wp-content\/uploads\/2023\/11\/IZN_Logo_Website_696x696Px_11_23.jpg\",\"contentUrl\":\"https:\/\/izn-nord.net\/wp-content\/uploads\/2023\/11\/IZN_Logo_Website_696x696Px_11_23.jpg\",\"width\":696,\"height\":696,\"caption\":\"IZN Nord\"},\"image\":{\"@id\":\"https:\/\/izn-nord.net\/#\/schema\/logo\/image\/\"},\"sameAs\":[\"https:\/\/www.instagram.com\/izn.nord\/?hl=de\"]}]}<\/script>\n<!-- \/ Yoast SEO plugin. -->","yoast_head_json":{"title":"IZN Nord \u2013 Aus- und Weiterbildung im Zahntechnikerhandwerk","description":"IZN Nord - Weiterbildung im Zahntechnikerhandwerk \u2013 Meistervorbereitungslehrg\u00e4nge, Gesellenvorbereitungskurse, Fachpraxisseminare, \u00dcLU","robots":{"index":"index","follow":"follow","max-snippet":"max-snippet:-1","max-image-preview":"max-image-preview:large","max-video-preview":"max-video-preview:-1"},"canonical":"https:\/\/izn-nord.net\/?page_id=1033","og_locale":"de_DE","og_type":"article","og_title":"IZN Nord \u2013 Aus- und Weiterbildung im Zahntechnikerhandwerk","og_description":"IZN Nord - Weiterbildung im Zahntechnikerhandwerk \u2013 Meistervorbereitungslehrg\u00e4nge, Gesellenvorbereitungskurse, Fachpraxisseminare, \u00dcLU","og_url":"https:\/\/izn-nord.net\/?page_id=1033","og_site_name":"IZN-Nord","article_modified_time":"2025-12-23T14:12:46+00:00","og_image":[{"width":14172,"height":7972,"url":"https:\/\/izn-nord.net\/wp-content\/uploads\/2023\/11\/IZN_Logo_Website_1200x675Px_11_23.jpg","type":"image\/jpeg"}],"twitter_card":"summary_large_image","twitter_misc":{"Gesch\u00e4tzte Lesezeit":"2 Minuten"},"schema":{"@context":"https:\/\/schema.org","@graph":[{"@type":"WebPage","@id":"https:\/\/izn-nord.net\/?page_id=1033","url":"https:\/\/izn-nord.net\/?page_id=1033","name":"IZN Nord \u2013 Aus- und Weiterbildung im Zahntechnikerhandwerk","isPartOf":{"@id":"https:\/\/izn-nord.net\/#website"},"datePublished":"2023-09-07T16:33:00+00:00","dateModified":"2025-12-23T14:12:46+00:00","description":"IZN Nord - Weiterbildung im Zahntechnikerhandwerk \u2013 Meistervorbereitungslehrg\u00e4nge, Gesellenvorbereitungskurse, Fachpraxisseminare, \u00dcLU","inLanguage":"de-DE","potentialAction":[{"@type":"ReadAction","target":["https:\/\/izn-nord.net\/?page_id=1033"]}]},{"@type":"WebSite","@id":"https:\/\/izn-nord.net\/#website","url":"https:\/\/izn-nord.net\/","name":"IZN-Nord","description":"Mit Biss f\u00fcr Ihre Z\u00e4hne","publisher":{"@id":"https:\/\/izn-nord.net\/#organization"},"alternateName":"Institut des Zahntechnikerhandwerks in Niedersachsen und Bremen e.V.","potentialAction":[{"@type":"SearchAction","target":{"@type":"EntryPoint","urlTemplate":"https:\/\/izn-nord.net\/?s={search_term_string}"},"query-input":"required name=search_term_string"}],"inLanguage":"de-DE"},{"@type":"Organization","@id":"https:\/\/izn-nord.net\/#organization","name":"IZN Nord","alternateName":"Institut des Zahntechnikerhandwerks in Niedersachsen und Bremen e.V.","url":"https:\/\/izn-nord.net\/","logo":{"@type":"ImageObject","inLanguage":"de-DE","@id":"https:\/\/izn-nord.net\/#\/schema\/logo\/image\/","url":"https:\/\/izn-nord.net\/wp-content\/uploads\/2023\/11\/IZN_Logo_Website_696x696Px_11_23.jpg","contentUrl":"https:\/\/izn-nord.net\/wp-content\/uploads\/2023\/11\/IZN_Logo_Website_696x696Px_11_23.jpg","width":696,"height":696,"caption":"IZN Nord"},"image":{"@id":"https:\/\/izn-nord.net\/#\/schema\/logo\/image\/"},"sameAs":["https:\/\/www.instagram.com\/izn.nord\/?hl=de"]}]}},"_links":{"self":[{"href":"https:\/\/izn-nord.net\/index.php?rest_route=\/wp\/v2\/pages\/1033"}],"collection":[{"href":"https:\/\/izn-nord.net\/index.php?rest_route=\/wp\/v2\/pages"}],"about":[{"href":"https:\/\/izn-nord.net\/index.php?rest_route=\/wp\/v2\/types\/page"}],"author":[{"embeddable":true,"href":"https:\/\/izn-nord.net\/index.php?rest_route=\/wp\/v2\/users\/6"}],"replies":[{"embeddable":true,"href":"https:\/\/izn-nord.net\/index.php?rest_route=%2Fwp%2Fv2%2Fcomments&post=1033"}],"version-history":[{"count":19,"href":"https:\/\/izn-nord.net\/index.php?rest_route=\/wp\/v2\/pages\/1033\/revisions"}],"predecessor-version":[{"id":2381,"href":"https:\/\/izn-nord.net\/index.php?rest_route=\/wp\/v2\/pages\/1033\/revisions\/2381"}],"wp:attachment":[{"href":"https:\/\/izn-nord.net\/index.php?rest_route=%2Fwp%2Fv2%2Fmedia&parent=1033"}],"curies":[{"name":"wp","href":"https:\/\/api.w.org\/{rel}","templated":true}]}}