{"id":1321,"date":"2023-10-12T15:23:53","date_gmt":"2023-10-12T15:23:53","guid":{"rendered":"https:\/\/izn-nord.net\/?page_id=1321"},"modified":"2025-12-05T13:35:40","modified_gmt":"2025-12-05T13:35:40","slug":"meistervorbereitung-pruefung","status":"publish","type":"page","link":"https:\/\/izn-nord.net\/?page_id=1321","title":{"rendered":"Meistervorbereitung\/pr\u00fcfung"},"content":{"rendered":"\n<p><strong>Meistervorbereitung&nbsp;im Zahntechnikerhandwerk in Teilzeit<\/strong><\/p>\n<p>Die Meistervorbereitung gliedert sich in den fachlichen Teil<\/p>\n<ul>\n<li>Teil I &#8211; Fachpraxis<\/li>\n<li>Teil II &#8211; Fachtheorie<\/li>\n<\/ul>\n<p>und in den allgemeinkundlichen Teil<\/p>\n<ul>\n<li>Teil III &#8211; Wirtschaftliche und rechtliche Kenntnisse<\/li>\n<li>Teil IV &#8211; Berufs- und arbeitsp\u00e4dagogische Kenntnisse<\/li>\n<\/ul>\n<p>Die Inhalte orientieren sich an den bundeseinheitlichen Rahmenlehrpl\u00e4nen. Der berufsbegleitende Lehrgang (Fachlehrgang) umfasst ausschlie\u00dflich den fachlichen Teil (Teil I und II). Im Lehrgang bereiten Sie sich optimal auf die anschlie\u00dfende Meisterpr\u00fcfung vor. Voraussetzungen f\u00fcr die Teilnahme am Lehrgang ist eine abgeschlossene Berufsausbildung. Jeder, der eine mit Erfolg abgelegte Gesellenpr\u00fcfung nachweist, kann zur Meisterpr\u00fcfung zugelassen werden \u2013 lt. Novellierung der Meisterpr\u00fcfungsverordnung. Sie erhalten den Abschluss \u201eZahntechnikermeister\/in\u201c nach erfolgreich abgelegter Meisterpr\u00fcfung vor der Meisterpr\u00fcfungskommission f\u00fcr das Zahntechnikerhandwerk.<\/p>\n<p><strong>Fachlehrgang (Teile I und II)<\/strong><\/p>\n<p>Teilnehmende\/Zielgruppe sind Zahntechniker\/innen. Zulassungsvoraussetzung f\u00fcr die Teilnahme am Lehrgang ist eine abgeschlossene Berufsausbildung. Jeder, der eine mit Erfolg abgelegte Gesellenpr\u00fcfung nachweist, kann zur Meisterpr\u00fcfung zugelassen werden \u2013 lt. Novellierung der Meisterpr\u00fcfungsverordnung.<\/p>\n<p><strong>Beginn:&nbsp; <\/strong>Freitag, 28. August 2026 (Kick Off um 15.00 Uhr im IZN) und Samstag, 29. August 2026 <strong><br><\/strong><\/p>\n<p><strong>Teilzeit:<\/strong>&nbsp; <br>Freitags: Theorie&nbsp; 16.30 &#8211; 20.30 Uhr \u00b7 Praxis 14.30 &#8211; 20.30 Uhr<b><br><\/b>Samstags: Theorie&nbsp; 08.00 &#8211; 14.30 Uhr \u00b7 Praxis 08.00 &#8211; 17.00 Uhr<\/p>\n<p><strong>Lehrgangsgeb\u00fchr:<\/strong>&nbsp; 11.000,- EUR<\/p>\n<p><strong>Aufnahmegeb\u00fchr:&nbsp;<\/strong> 220,- EUR\u2028<br>(inkl. diverser Verbrauchsmaterialien und Lernmittel, ohne B\u00fccher) \u2013 evtl. zahlbar in vier gleichen Raten \u2013 Pr\u00fcfungsgeb\u00fchren werden gesondert erhoben.<\/p>\n<p><strong>Lehrgangs-Nr.<\/strong>&nbsp; IZM 049<\/p>\n<p><span style=\"color: #ff0000;\"><strong>Hinweis:<\/strong><\/span> Vollzeitkurse k\u00f6nnen derzeit leider <strong>nicht<\/strong> angeboten werden.<\/p>\n<p><strong>Ausk\u00fcnfte \u00fcber Zulassung und Pr\u00fcfungsabl\u00e4ufe erhalten Sie von der Meisterpr\u00fcfungsabteilung der<br><\/strong><\/p>\n<p>Handwerkskammer Hannover<b><br><\/b>Berliner Allee 17<br>30175 Hannover<\/p>\n<p>Lena Delius<br>Tel. 0511 34859 473<br>E-Mail: delius@hwk-hannover.de<\/p>\n<p><strong>Informationen \u00fcber die Lehrgangsabwicklung gibt Ihnen das<\/strong>\u2028<\/p>\n<p>Institut des Zahntechnikerhandwerks in Niedersachsen und Bremen e.V.<b><br><\/b>Seeweg 4<br>30827 Garbsen<\/p>\n<p>Tel. 05131 4773 57\u2028<br>Fax 05131 4773 59\u2028<br>E-Mail: info@izn-nord.de<\/p>\n\n\n","protected":false},"excerpt":{"rendered":"<p>Meistervorbereitung&nbsp;im Zahntechnikerhandwerk in Teilzeit Die Meistervorbereitung gliedert sich in den fachlichen Teil Teil I &#8211; Fachpraxis Teil II &#8211; Fachtheorie und in den allgemeinkundlichen Teil Teil III &#8211; Wirtschaftliche und rechtliche Kenntnisse Teil IV &#8211; Berufs- und arbeitsp\u00e4dagogische Kenntnisse Die Inhalte orientieren sich an den bundeseinheitlichen Rahmenlehrpl\u00e4nen. Der berufsbegleitende Lehrgang (Fachlehrgang) umfasst ausschlie\u00dflich den fachlichen Teil (Teil I und II).<\/p>\n<div class=\"read-more\"><a class=\"more-link\" href=\"https:\/\/izn-nord.net\/?page_id=1321\">Read More &#8230;<\/a><\/div>\n","protected":false},"author":6,"featured_media":0,"parent":0,"menu_order":0,"comment_status":"closed","ping_status":"closed","template":"","meta":{"ngg_post_thumbnail":0,"footnotes":"","_glsr_average":0,"_glsr_ranking":0,"_glsr_reviews":0},"yoast_head":"<!-- This site is optimized with the Yoast SEO plugin v23.1 - https:\/\/yoast.com\/wordpress\/plugins\/seo\/ -->\n<title>IZN Nord - Mit Biss f\u00fcr Ihre Z\u00e4hne - Weiterbildung f\u00fcr das Zahntechnikerhandwerk<\/title>\n<meta name=\"description\" content=\"Meistervorbereitungslehrg\u00e4nge, Meisterpr\u00fcfung, Gesellenvorbereitungskurse, Fachpraxisseminare\" \/>\n<meta name=\"robots\" content=\"index, follow, max-snippet:-1, max-image-preview:large, max-video-preview:-1\" \/>\n<link rel=\"canonical\" href=\"https:\/\/izn-nord.net\/?page_id=1321\" \/>\n<meta property=\"og:locale\" content=\"de_DE\" \/>\n<meta property=\"og:type\" content=\"article\" \/>\n<meta property=\"og:title\" content=\"IZN Nord - Mit Biss f\u00fcr Ihre Z\u00e4hne - Weiterbildung f\u00fcr das Zahntechnikerhandwerk\" \/>\n<meta property=\"og:description\" content=\"Meistervorbereitungslehrg\u00e4nge, Meisterpr\u00fcfung, Gesellenvorbereitungskurse, Fachpraxisseminare\" \/>\n<meta property=\"og:url\" content=\"https:\/\/izn-nord.net\/?page_id=1321\" \/>\n<meta property=\"og:site_name\" content=\"IZN-Nord\" \/>\n<meta property=\"article:modified_time\" content=\"2025-12-05T13:35:40+00:00\" \/>\n<meta property=\"og:image\" content=\"https:\/\/izn-nord.net\/wp-content\/uploads\/2023\/11\/IZN_Logo_Website_1200x675Px_11_23.jpg\" \/>\n\t<meta property=\"og:image:width\" content=\"14172\" \/>\n\t<meta property=\"og:image:height\" content=\"7972\" \/>\n\t<meta property=\"og:image:type\" content=\"image\/jpeg\" \/>\n<meta name=\"twitter:card\" content=\"summary_large_image\" \/>\n<meta name=\"twitter:label1\" content=\"Gesch\u00e4tzte Lesezeit\" \/>\n\t<meta name=\"twitter:data1\" content=\"2 Minuten\" \/>\n<script type=\"application\/ld+json\" class=\"yoast-schema-graph\">{\"@context\":\"https:\/\/schema.org\",\"@graph\":[{\"@type\":\"WebPage\",\"@id\":\"https:\/\/izn-nord.net\/?page_id=1321\",\"url\":\"https:\/\/izn-nord.net\/?page_id=1321\",\"name\":\"IZN Nord - Mit Biss f\u00fcr Ihre Z\u00e4hne - Weiterbildung f\u00fcr das Zahntechnikerhandwerk\",\"isPartOf\":{\"@id\":\"https:\/\/izn-nord.net\/#website\"},\"datePublished\":\"2023-10-12T15:23:53+00:00\",\"dateModified\":\"2025-12-05T13:35:40+00:00\",\"description\":\"Meistervorbereitungslehrg\u00e4nge, Meisterpr\u00fcfung, Gesellenvorbereitungskurse, Fachpraxisseminare\",\"inLanguage\":\"de-DE\",\"potentialAction\":[{\"@type\":\"ReadAction\",\"target\":[\"https:\/\/izn-nord.net\/?page_id=1321\"]}]},{\"@type\":\"WebSite\",\"@id\":\"https:\/\/izn-nord.net\/#website\",\"url\":\"https:\/\/izn-nord.net\/\",\"name\":\"IZN-Nord\",\"description\":\"Mit Biss f\u00fcr Ihre Z\u00e4hne\",\"publisher\":{\"@id\":\"https:\/\/izn-nord.net\/#organization\"},\"alternateName\":\"Institut des Zahntechnikerhandwerks in Niedersachsen und Bremen e.V.\",\"potentialAction\":[{\"@type\":\"SearchAction\",\"target\":{\"@type\":\"EntryPoint\",\"urlTemplate\":\"https:\/\/izn-nord.net\/?s={search_term_string}\"},\"query-input\":\"required name=search_term_string\"}],\"inLanguage\":\"de-DE\"},{\"@type\":\"Organization\",\"@id\":\"https:\/\/izn-nord.net\/#organization\",\"name\":\"IZN Nord\",\"alternateName\":\"Institut des Zahntechnikerhandwerks in Niedersachsen und Bremen e.V.\",\"url\":\"https:\/\/izn-nord.net\/\",\"logo\":{\"@type\":\"ImageObject\",\"inLanguage\":\"de-DE\",\"@id\":\"https:\/\/izn-nord.net\/#\/schema\/logo\/image\/\",\"url\":\"https:\/\/izn-nord.net\/wp-content\/uploads\/2023\/11\/IZN_Logo_Website_696x696Px_11_23.jpg\",\"contentUrl\":\"https:\/\/izn-nord.net\/wp-content\/uploads\/2023\/11\/IZN_Logo_Website_696x696Px_11_23.jpg\",\"width\":696,\"height\":696,\"caption\":\"IZN Nord\"},\"image\":{\"@id\":\"https:\/\/izn-nord.net\/#\/schema\/logo\/image\/\"},\"sameAs\":[\"https:\/\/www.instagram.com\/izn.nord\/?hl=de\"]}]}<\/script>\n<!-- \/ Yoast SEO plugin. -->","yoast_head_json":{"title":"IZN Nord - Mit Biss f\u00fcr Ihre Z\u00e4hne - Weiterbildung f\u00fcr das Zahntechnikerhandwerk","description":"Meistervorbereitungslehrg\u00e4nge, Meisterpr\u00fcfung, Gesellenvorbereitungskurse, Fachpraxisseminare","robots":{"index":"index","follow":"follow","max-snippet":"max-snippet:-1","max-image-preview":"max-image-preview:large","max-video-preview":"max-video-preview:-1"},"canonical":"https:\/\/izn-nord.net\/?page_id=1321","og_locale":"de_DE","og_type":"article","og_title":"IZN Nord - Mit Biss f\u00fcr Ihre Z\u00e4hne - Weiterbildung f\u00fcr das Zahntechnikerhandwerk","og_description":"Meistervorbereitungslehrg\u00e4nge, Meisterpr\u00fcfung, Gesellenvorbereitungskurse, Fachpraxisseminare","og_url":"https:\/\/izn-nord.net\/?page_id=1321","og_site_name":"IZN-Nord","article_modified_time":"2025-12-05T13:35:40+00:00","og_image":[{"width":14172,"height":7972,"url":"https:\/\/izn-nord.net\/wp-content\/uploads\/2023\/11\/IZN_Logo_Website_1200x675Px_11_23.jpg","type":"image\/jpeg"}],"twitter_card":"summary_large_image","twitter_misc":{"Gesch\u00e4tzte Lesezeit":"2 Minuten"},"schema":{"@context":"https:\/\/schema.org","@graph":[{"@type":"WebPage","@id":"https:\/\/izn-nord.net\/?page_id=1321","url":"https:\/\/izn-nord.net\/?page_id=1321","name":"IZN Nord - Mit Biss f\u00fcr Ihre Z\u00e4hne - Weiterbildung f\u00fcr das Zahntechnikerhandwerk","isPartOf":{"@id":"https:\/\/izn-nord.net\/#website"},"datePublished":"2023-10-12T15:23:53+00:00","dateModified":"2025-12-05T13:35:40+00:00","description":"Meistervorbereitungslehrg\u00e4nge, Meisterpr\u00fcfung, Gesellenvorbereitungskurse, Fachpraxisseminare","inLanguage":"de-DE","potentialAction":[{"@type":"ReadAction","target":["https:\/\/izn-nord.net\/?page_id=1321"]}]},{"@type":"WebSite","@id":"https:\/\/izn-nord.net\/#website","url":"https:\/\/izn-nord.net\/","name":"IZN-Nord","description":"Mit Biss f\u00fcr Ihre Z\u00e4hne","publisher":{"@id":"https:\/\/izn-nord.net\/#organization"},"alternateName":"Institut des Zahntechnikerhandwerks in Niedersachsen und Bremen e.V.","potentialAction":[{"@type":"SearchAction","target":{"@type":"EntryPoint","urlTemplate":"https:\/\/izn-nord.net\/?s={search_term_string}"},"query-input":"required name=search_term_string"}],"inLanguage":"de-DE"},{"@type":"Organization","@id":"https:\/\/izn-nord.net\/#organization","name":"IZN Nord","alternateName":"Institut des Zahntechnikerhandwerks in Niedersachsen und Bremen e.V.","url":"https:\/\/izn-nord.net\/","logo":{"@type":"ImageObject","inLanguage":"de-DE","@id":"https:\/\/izn-nord.net\/#\/schema\/logo\/image\/","url":"https:\/\/izn-nord.net\/wp-content\/uploads\/2023\/11\/IZN_Logo_Website_696x696Px_11_23.jpg","contentUrl":"https:\/\/izn-nord.net\/wp-content\/uploads\/2023\/11\/IZN_Logo_Website_696x696Px_11_23.jpg","width":696,"height":696,"caption":"IZN Nord"},"image":{"@id":"https:\/\/izn-nord.net\/#\/schema\/logo\/image\/"},"sameAs":["https:\/\/www.instagram.com\/izn.nord\/?hl=de"]}]}},"_links":{"self":[{"href":"https:\/\/izn-nord.net\/index.php?rest_route=\/wp\/v2\/pages\/1321"}],"collection":[{"href":"https:\/\/izn-nord.net\/index.php?rest_route=\/wp\/v2\/pages"}],"about":[{"href":"https:\/\/izn-nord.net\/index.php?rest_route=\/wp\/v2\/types\/page"}],"author":[{"embeddable":true,"href":"https:\/\/izn-nord.net\/index.php?rest_route=\/wp\/v2\/users\/6"}],"replies":[{"embeddable":true,"href":"https:\/\/izn-nord.net\/index.php?rest_route=%2Fwp%2Fv2%2Fcomments&post=1321"}],"version-history":[{"count":31,"href":"https:\/\/izn-nord.net\/index.php?rest_route=\/wp\/v2\/pages\/1321\/revisions"}],"predecessor-version":[{"id":2363,"href":"https:\/\/izn-nord.net\/index.php?rest_route=\/wp\/v2\/pages\/1321\/revisions\/2363"}],"wp:attachment":[{"href":"https:\/\/izn-nord.net\/index.php?rest_route=%2Fwp%2Fv2%2Fmedia&parent=1321"}],"curies":[{"name":"wp","href":"https:\/\/api.w.org\/{rel}","templated":true}]}}