{"id":330,"date":"2017-01-27T14:49:54","date_gmt":"2017-01-27T14:49:54","guid":{"rendered":"http:\/\/izn-nord.net\/?page_id=330"},"modified":"2025-12-05T13:28:58","modified_gmt":"2025-12-05T13:28:58","slug":"izn-meister-info-tag","status":"publish","type":"page","link":"https:\/\/izn-nord.net\/?page_id=330","title":{"rendered":"IZN Info-Tag"},"content":{"rendered":"<p><strong>IZN Meister-Info-Tag<\/strong><\/p>\n<p>Freitag, 24. April 2026, um 15 Uhr<\/p>\n<p>Institut des Zahntechnikerhandwerks in Niedersachsen und Bremen e.V.<b><br \/>\n<\/b>Seeweg 4<br \/>\n30827 Garbsen<\/p>\n<p>Sie haben Interesse an der Meistervorbereitung oder allgemein am IZN?&nbsp;<br \/>\n<strong>Dann besuchen Sie uns doch gerne.<\/strong> Wir geben Ihnen Auskunft \u00fcber alles, was Sie zum Thema Weiterbildung wissen m\u00f6chten, z. B.<\/p>\n<ul>\n<li>Die Meistervorbereitung<\/li>\n<li>sowie F\u00f6rderm\u00f6glichkeiten (Aufstiegs-BAf\u00f6G)<\/li>\n<\/ul>\n<p>und vieles mehr<\/p>\n<p><strong>Termin-Absprache oder Beratung gern auch telefonisch<\/strong><br \/>\nunter 05131 4773 57\/58<br \/>\noder senden Sie uns eine E-Mail an: info@izn-nord.de<\/p>\n","protected":false},"excerpt":{"rendered":"<p>IZN Meister-Info-Tag Freitag, 24. April 2026, um 15 Uhr Institut des Zahntechnikerhandwerks in Niedersachsen und Bremen e.V. Seeweg 4 30827 Garbsen Sie haben Interesse an der Meistervorbereitung oder allgemein am IZN?&nbsp; Dann besuchen Sie uns doch gerne. Wir geben Ihnen Auskunft \u00fcber alles, was Sie zum Thema Weiterbildung wissen m\u00f6chten, z. B. Die Meistervorbereitung sowie F\u00f6rderm\u00f6glichkeiten (Aufstiegs-BAf\u00f6G) und vieles mehr<\/p>\n<div class=\"read-more\"><a class=\"more-link\" href=\"https:\/\/izn-nord.net\/?page_id=330\">Read More &#8230;<\/a><\/div>\n","protected":false},"author":3,"featured_media":0,"parent":0,"menu_order":0,"comment_status":"closed","ping_status":"closed","template":"","meta":{"ngg_post_thumbnail":0,"footnotes":"","_glsr_average":0,"_glsr_ranking":0,"_glsr_reviews":0},"yoast_head":"<!-- This site is optimized with the Yoast SEO plugin v23.1 - https:\/\/yoast.com\/wordpress\/plugins\/seo\/ -->\n<title>IZN Meister-Info-Tag<\/title>\n<meta name=\"description\" content=\"IZN Meister-Info-Tag, Meistervorbereitungslehrg\u00e4nge, Gesellenvorbereitungskurse, Fachpraxisseminare, F\u00f6rderm\u00f6glichkeiten\" \/>\n<meta name=\"robots\" content=\"index, follow, max-snippet:-1, max-image-preview:large, max-video-preview:-1\" \/>\n<link rel=\"canonical\" href=\"https:\/\/izn-nord.net\/?page_id=330\" \/>\n<meta property=\"og:locale\" content=\"de_DE\" \/>\n<meta property=\"og:type\" content=\"article\" \/>\n<meta property=\"og:title\" content=\"IZN Meister-Info-Tag\" \/>\n<meta property=\"og:description\" content=\"IZN Meister-Info-Tag, Meistervorbereitungslehrg\u00e4nge, Gesellenvorbereitungskurse, Fachpraxisseminare, F\u00f6rderm\u00f6glichkeiten\" \/>\n<meta property=\"og:url\" content=\"https:\/\/izn-nord.net\/?page_id=330\" \/>\n<meta property=\"og:site_name\" content=\"IZN-Nord\" \/>\n<meta property=\"article:modified_time\" content=\"2025-12-05T13:28:58+00:00\" \/>\n<meta property=\"og:image\" content=\"https:\/\/izn-nord.net\/wp-content\/uploads\/2023\/11\/IZN_Logo_Website_1200x675Px_11_23.jpg\" \/>\n\t<meta property=\"og:image:width\" content=\"14172\" \/>\n\t<meta property=\"og:image:height\" content=\"7972\" \/>\n\t<meta property=\"og:image:type\" content=\"image\/jpeg\" \/>\n<meta name=\"twitter:card\" content=\"summary_large_image\" \/>\n<meta name=\"twitter:label1\" content=\"Gesch\u00e4tzte Lesezeit\" \/>\n\t<meta name=\"twitter:data1\" content=\"1 Minute\" \/>\n<script type=\"application\/ld+json\" class=\"yoast-schema-graph\">{\"@context\":\"https:\/\/schema.org\",\"@graph\":[{\"@type\":\"WebPage\",\"@id\":\"https:\/\/izn-nord.net\/?page_id=330\",\"url\":\"https:\/\/izn-nord.net\/?page_id=330\",\"name\":\"IZN Meister-Info-Tag\",\"isPartOf\":{\"@id\":\"https:\/\/izn-nord.net\/#website\"},\"datePublished\":\"2017-01-27T14:49:54+00:00\",\"dateModified\":\"2025-12-05T13:28:58+00:00\",\"description\":\"IZN Meister-Info-Tag, Meistervorbereitungslehrg\u00e4nge, Gesellenvorbereitungskurse, Fachpraxisseminare, F\u00f6rderm\u00f6glichkeiten\",\"inLanguage\":\"de-DE\",\"potentialAction\":[{\"@type\":\"ReadAction\",\"target\":[\"https:\/\/izn-nord.net\/?page_id=330\"]}]},{\"@type\":\"WebSite\",\"@id\":\"https:\/\/izn-nord.net\/#website\",\"url\":\"https:\/\/izn-nord.net\/\",\"name\":\"IZN-Nord\",\"description\":\"Mit Biss f\u00fcr Ihre Z\u00e4hne\",\"publisher\":{\"@id\":\"https:\/\/izn-nord.net\/#organization\"},\"alternateName\":\"Institut des Zahntechnikerhandwerks in Niedersachsen und Bremen e.V.\",\"potentialAction\":[{\"@type\":\"SearchAction\",\"target\":{\"@type\":\"EntryPoint\",\"urlTemplate\":\"https:\/\/izn-nord.net\/?s={search_term_string}\"},\"query-input\":\"required name=search_term_string\"}],\"inLanguage\":\"de-DE\"},{\"@type\":\"Organization\",\"@id\":\"https:\/\/izn-nord.net\/#organization\",\"name\":\"IZN Nord\",\"alternateName\":\"Institut des Zahntechnikerhandwerks in Niedersachsen und Bremen e.V.\",\"url\":\"https:\/\/izn-nord.net\/\",\"logo\":{\"@type\":\"ImageObject\",\"inLanguage\":\"de-DE\",\"@id\":\"https:\/\/izn-nord.net\/#\/schema\/logo\/image\/\",\"url\":\"https:\/\/izn-nord.net\/wp-content\/uploads\/2023\/11\/IZN_Logo_Website_696x696Px_11_23.jpg\",\"contentUrl\":\"https:\/\/izn-nord.net\/wp-content\/uploads\/2023\/11\/IZN_Logo_Website_696x696Px_11_23.jpg\",\"width\":696,\"height\":696,\"caption\":\"IZN Nord\"},\"image\":{\"@id\":\"https:\/\/izn-nord.net\/#\/schema\/logo\/image\/\"},\"sameAs\":[\"https:\/\/www.instagram.com\/izn.nord\/?hl=de\"]}]}<\/script>\n<!-- \/ Yoast SEO plugin. -->","yoast_head_json":{"title":"IZN Meister-Info-Tag","description":"IZN Meister-Info-Tag, Meistervorbereitungslehrg\u00e4nge, Gesellenvorbereitungskurse, Fachpraxisseminare, F\u00f6rderm\u00f6glichkeiten","robots":{"index":"index","follow":"follow","max-snippet":"max-snippet:-1","max-image-preview":"max-image-preview:large","max-video-preview":"max-video-preview:-1"},"canonical":"https:\/\/izn-nord.net\/?page_id=330","og_locale":"de_DE","og_type":"article","og_title":"IZN Meister-Info-Tag","og_description":"IZN Meister-Info-Tag, Meistervorbereitungslehrg\u00e4nge, Gesellenvorbereitungskurse, Fachpraxisseminare, F\u00f6rderm\u00f6glichkeiten","og_url":"https:\/\/izn-nord.net\/?page_id=330","og_site_name":"IZN-Nord","article_modified_time":"2025-12-05T13:28:58+00:00","og_image":[{"width":14172,"height":7972,"url":"https:\/\/izn-nord.net\/wp-content\/uploads\/2023\/11\/IZN_Logo_Website_1200x675Px_11_23.jpg","type":"image\/jpeg"}],"twitter_card":"summary_large_image","twitter_misc":{"Gesch\u00e4tzte Lesezeit":"1 Minute"},"schema":{"@context":"https:\/\/schema.org","@graph":[{"@type":"WebPage","@id":"https:\/\/izn-nord.net\/?page_id=330","url":"https:\/\/izn-nord.net\/?page_id=330","name":"IZN Meister-Info-Tag","isPartOf":{"@id":"https:\/\/izn-nord.net\/#website"},"datePublished":"2017-01-27T14:49:54+00:00","dateModified":"2025-12-05T13:28:58+00:00","description":"IZN Meister-Info-Tag, Meistervorbereitungslehrg\u00e4nge, Gesellenvorbereitungskurse, Fachpraxisseminare, F\u00f6rderm\u00f6glichkeiten","inLanguage":"de-DE","potentialAction":[{"@type":"ReadAction","target":["https:\/\/izn-nord.net\/?page_id=330"]}]},{"@type":"WebSite","@id":"https:\/\/izn-nord.net\/#website","url":"https:\/\/izn-nord.net\/","name":"IZN-Nord","description":"Mit Biss f\u00fcr Ihre Z\u00e4hne","publisher":{"@id":"https:\/\/izn-nord.net\/#organization"},"alternateName":"Institut des Zahntechnikerhandwerks in Niedersachsen und Bremen e.V.","potentialAction":[{"@type":"SearchAction","target":{"@type":"EntryPoint","urlTemplate":"https:\/\/izn-nord.net\/?s={search_term_string}"},"query-input":"required name=search_term_string"}],"inLanguage":"de-DE"},{"@type":"Organization","@id":"https:\/\/izn-nord.net\/#organization","name":"IZN Nord","alternateName":"Institut des Zahntechnikerhandwerks in Niedersachsen und Bremen e.V.","url":"https:\/\/izn-nord.net\/","logo":{"@type":"ImageObject","inLanguage":"de-DE","@id":"https:\/\/izn-nord.net\/#\/schema\/logo\/image\/","url":"https:\/\/izn-nord.net\/wp-content\/uploads\/2023\/11\/IZN_Logo_Website_696x696Px_11_23.jpg","contentUrl":"https:\/\/izn-nord.net\/wp-content\/uploads\/2023\/11\/IZN_Logo_Website_696x696Px_11_23.jpg","width":696,"height":696,"caption":"IZN Nord"},"image":{"@id":"https:\/\/izn-nord.net\/#\/schema\/logo\/image\/"},"sameAs":["https:\/\/www.instagram.com\/izn.nord\/?hl=de"]}]}},"_links":{"self":[{"href":"https:\/\/izn-nord.net\/index.php?rest_route=\/wp\/v2\/pages\/330"}],"collection":[{"href":"https:\/\/izn-nord.net\/index.php?rest_route=\/wp\/v2\/pages"}],"about":[{"href":"https:\/\/izn-nord.net\/index.php?rest_route=\/wp\/v2\/types\/page"}],"author":[{"embeddable":true,"href":"https:\/\/izn-nord.net\/index.php?rest_route=\/wp\/v2\/users\/3"}],"replies":[{"embeddable":true,"href":"https:\/\/izn-nord.net\/index.php?rest_route=%2Fwp%2Fv2%2Fcomments&post=330"}],"version-history":[{"count":25,"href":"https:\/\/izn-nord.net\/index.php?rest_route=\/wp\/v2\/pages\/330\/revisions"}],"predecessor-version":[{"id":2366,"href":"https:\/\/izn-nord.net\/index.php?rest_route=\/wp\/v2\/pages\/330\/revisions\/2366"}],"wp:attachment":[{"href":"https:\/\/izn-nord.net\/index.php?rest_route=%2Fwp%2Fv2%2Fmedia&parent=330"}],"curies":[{"name":"wp","href":"https:\/\/api.w.org\/{rel}","templated":true}]}}